remainder when 513129 is divided by 135.
129
What is the remainder when 13271 is divided by 55?
16
What is the remainder when 44577 is divided by 3180?
57
What is the remainder when 8903 is divided by 139?
7
Calculate the remainder when 4198 is divided by 3127.
1071
Calculate the remainder when 257843 is divided by 7.
5
Calculate the remainder when 29372 is divided by 568.
404
Calculate the remainder when 1192 is divided by 461.
270
Calculate the remainder when 22490 is divided by 506.
226
Calculate the remainder when 158292 is divided by 1954.
18
What is the remainder when 322159 is divided by 77?
68
Calculate the remainder when 27631 is divided by 289.
176
What is the remainder when 41151 is divided by 40?
31
What is the remainder when 4822 is divided by 2390?
42
Calculate the remainder when 76376 is divided by 19091.
12
What is the remainder when 19990 is divided by 6655?
25
Calculate the remainder when 229359 is divided by 3423.
18
Calculate the remainder when 5246 is divided by 108.
62
Calculate the remainder when 79249 is divided by 71.
13
What is the remainder when 8110 is divided by 91?
11
Calculate the remainder when 12030 is divided by 227.
226
Calculate the remainder when 1338 is divided by 306.
114
What is the remainder when 26583 is divided by 511?
11
What is the remainder when 170110 is divided by 419?
415
Calculate the remainder when 82289 is divided by 130.
129
What is the remainder when 10775 is divided by 3269?
968
What is the remainder when 4001 is divided by 22?
19
Calculate the remainder when 4637 is divided by 6.
5
What is the remainder when 90897 is divided by 100?
97
What is the remainder when 11235 is divided by 11223?
12
Calculate the remainder when 2646 is divided by 206.
174
What is the remainder when 29873 is divided by 142?
53
What is the remainder when 110440 is divided by 25?
15
Calculate the remainder when 27364 is divided by 2104.
12
Calculate the remainder when 2975 is divided by 223.
76
What is the remainder when 4640 is divided by 27?
23
Calculate the remainder when 6009 is divided by 6006.
3
Calculate the remainder when 37486 is divided by 3404.
42
Calculate the remainder when 303 is divided by 271.
32
What is the remainder when 22659 is divided by 295?
239
Calculate the remainder when 21464 is divided by 88.
80
What is the remainder when 687 is divided by 222?
21
What is the remainder when 3060 is divided by 203?
15
What is the remainder when 824 is divided by 708?
116
Calculate the remainder when 74507 is divided by 18624.
11
What is the remainder when 8632 is divided by 21?
1
Calculate the remainder when 11143 is divided by 219.
193
What is the remainder when 11190 is divided by 155?
30
What is the remainder when 192339 is divided by 1007?
2
What is the remainder when 128146 is divided by 118?
116
What is the remainder when 32639 is divided by 6514?
69
What is the remainder when 6964 is divided by 3463?
38
What is the remainder when 642109 is divided by 79?
76
Calculate the remainder when 92309 is divided by 196.
189
Calculate the remainder when 20070 is divided by 6676.
42
What is the remainder when 32372 is divided by 623?
599
What is the remainder when 62787 is divided by 343?
18
What is the remainder when 41757 is divided by 1029?
597
Calculate the remainder when 9993 is divided by 196.
193
Calculate the remainder when 1179679 is divided by 292.
291
Calculate the remainder when 5465 is divided by 5434.
31
Calculate the remainder when 9580 is divided by 11.
10
Calculate the remainder when 6917 is divided by 104.
53
What is the remainder when 2948 is divided by 45?
23
What is the remainder when 432448 is divided by 113?
110
Calculate the remainder when 230699 is divided by 28.
7
Calculate the remainder when 62417 is divided by 3.
2
Calculate the remainder when 148712 is divided by 169.
161
What is the remainder when 14733 is divided by 220?
213
What is the remainder when 20061 is divided by 57?
54
What is the remainder when 388163 is divided by 7?
6
Calculate the remainder when 46658 is divided by 290.
258
Calculate the remainder when 1689 is divided by 493.
210
What is the remainder when 586064 is divided by 11?
6
What is the remainder when 2337241 is divided by 91?
88
Calculate the remainder when 17894 is divided by 463.
300
Calculate the remainder when 552 is divided by 24.
0
Calculate the remainder when 46006 is divided by 6569.
23
What is the remainder when 21878 is divided by 20?
18
What is the remainder when 455 is divided by 119?
98
What is the remainder when 36483 is divided by 172?
19
Calculate the remainder when 1206 is divided by 99.
18
What is the remainder when 144582 is divided by 35?
32
Calculate the remainder when 111829 is divided by 18.
13
What is the remainder when 85841 is divided by 21459?
5
What is the remainder when 3426 is divided by 929?
639
What is the remainder when 22232 is divided by 741?
2
What is the remainder when 256 is divided by 32?
0
What is the remainder when 53668 is divided by 30?
28
What is the remainder when 3346 is divided by 236?
42
Calculate the remainder when 1549914 is divided by 92.
82
What is the remainder when 679043 is divided by 71?
70
What is the remainder when 2669 is divided by 107?
101
Calculate the remainder when 28223 is divided by 600.
23
Calculate the remainder when 4267 is divided by 100.
67
Calculate the remainder when 143450 is divided by 69.
68
What is the remainder when 91981 is divided by 30657?
10
What is the remainder when 508012 is divided by 39?
37
What is the remainder when 7479 is divided by 576?
567
Calculate the remainder when 19870 is divided by 6622.
4
Calculate the remainder when 27285 is divided by 12.
9
Calculate the remainder when 40010 is divided by 41.
35
What is the remainder when 7836 is divided by 112?
108
What is the remainder when 16970 is divided by 321?
278
Calculate the remainder when 11076 is divided by 191.
189
What is the remainder when 274916 is divided by 60?
56
What is the remainder when 842 is divided by 233?
143
What is the remainder when 9397 is divided by 10?
7
Calculate the remainder when 17826 is divided by 4445.
46
What is the remainder when 14890 is divided by 15?
10
What is the remainder when 14701 is divided by 3?
1
What is the remainder when 17967 is divided by 644?
579
What is the remainder when 1582 is divided by 671?
240
What is the remainder when 574424 is divided by 931?
928
What is the remainder when 2321 is divided by 1130?
61
What is the remainder when 9175 is divided by 1526?
19
Calculate the remainder when 17058 is divided by 364.
314
Calculate the remainder when 22771 is divided by 671.
628
What is the remainder when 941498 is divided by 35?
33
Calculate the remainder when 106794 is divided by 169.
155
What is the remainder when 198826 is divided by 18?
16
What is the remainder when 485036 is divided by 77?
13
What is the remainder when 1277 is divided by 23?
12
Calculate the remainder when 49870 is divided by 1425.
1420
What is the remainder when 8593 is divided by 4269?
55
Calculate the remainder when 159024 is divided by 25.
24
What is the remainder when 5367 is divided by 1759?
90
Calculate the remainder when 51871 is divided by 5186.
11
What is the remainder when 1504 is divided by 90?
64
Calculate the remainder when 2692 is divided by 586.
348
What is the remainder when 5507 is divided by 2740?
27
Calculate the remainder when 3865 is divided by 1922.
21
What is the remainder when 1679 is divided by 270?
59
Calculate the remainder when 6499 is divided by 594.
559
Calculate the remainder when 2663504 is divided by 65.
64
What is the remainder when 825130 is divided by 658?
656
Calculate the remainder when 7263 is divided by 605.
3
Calculate the remainder when 3603 is divided by 153.
84
Calculate the remainder when 1125781 is divided by 562888.
5
What is the remainder when 44538 is divided by 37?
27
What is the remainder when 825 is divided by 627?
198
What is the remainder when 4296 is divided by 57?
21
Calculate the remainder when 2985 is divided by 118.
35
What is the remainder when 300179 is divided by 7?
5
Calculate the remainder when 21499 is divided by 90.
79
What is the remainder when 14084 is divided by 86?
66
What is the remainder when 432405 is divided by 129?
126
Wh